{"id":816,"date":"2016-04-06T19:43:59","date_gmt":"2016-04-06T19:43:59","guid":{"rendered":"https:\/\/lucia-nuerburgring.de\/?page_id=816"},"modified":"2026-03-20T09:33:31","modified_gmt":"2026-03-20T09:33:31","slug":"kontakt","status":"publish","type":"page","link":"https:\/\/lucia-nuerburgring.de\/index.php\/kontakt\/","title":{"rendered":"Kontakt"},"content":{"rendered":"<p><div class=\"fusion-fullwidth fullwidth-box fusion-builder-row-1 fusion-flex-container hundred-percent-fullwidth non-hundred-percent-height-scrolling\" style=\"--awb-background-position:left top;--awb-border-sizes-top:0px;--awb-border-sizes-bottom:0px;--awb-border-sizes-left:0px;--awb-border-sizes-right:0px;--awb-border-radius-top-left:0px;--awb-border-radius-top-right:0px;--awb-border-radius-bottom-right:0px;--awb-border-radius-bottom-left:0px;--awb-padding-top:0px;--awb-padding-right:0px;--awb-padding-bottom:0px;--awb-padding-left:0px;--awb-background-color:#99bcab;--awb-flex-wrap:wrap;\" ><div class=\"fusion-builder-row fusion-row fusion-flex-align-items-flex-start fusion-flex-content-wrap\" style=\"width:calc( 100% + 0px ) !important;max-width:calc( 100% + 0px ) !important;margin-left: calc(-0px \/ 2 );margin-right: calc(-0px \/ 2 );\"><div class=\"fusion-layout-column fusion_builder_column fusion-builder-column-0 fusion_builder_column_2_3 2_3 fusion-flex-column fusion-flex-align-self-flex-start fusion-column-no-min-height\" style=\"--awb-bg-blend:overlay;--awb-bg-size:cover;--awb-width-large:66.666666666667%;--awb-margin-top-large:0px;--awb-spacing-right-large:calc( 0.04 * calc( 100% - 0px ) );--awb-margin-bottom-large:0px;--awb-spacing-left-large:0px;--awb-width-medium:100%;--awb-spacing-right-medium:0px;--awb-spacing-left-medium:0px;--awb-width-small:100%;--awb-spacing-right-small:0px;--awb-spacing-left-small:0px;\"><div class=\"fusion-column-wrapper fusion-flex-justify-content-flex-start fusion-content-layout-column\"><div class=\"fusion-image-element \" style=\"--awb-caption-title-font-family:var(--h2_typography-font-family);--awb-caption-title-font-weight:var(--h2_typography-font-weight);--awb-caption-title-font-style:var(--h2_typography-font-style);--awb-caption-title-size:var(--h2_typography-font-size);--awb-caption-title-transform:var(--h2_typography-text-transform);--awb-caption-title-line-height:var(--h2_typography-line-height);--awb-caption-title-letter-spacing:var(--h2_typography-letter-spacing);\"><span class=\" fusion-imageframe imageframe-none imageframe-1 hover-type-none\"><img decoding=\"async\" width=\"2282\" height=\"1656\" title=\"Maps_Lucia\" src=\"https:\/\/lucia-nuerburgring.de\/wp-content\/uploads\/2022\/11\/Maps_Lucia.jpg\" alt class=\"img-responsive wp-image-1950\" srcset=\"https:\/\/lucia-nuerburgring.de\/wp-content\/uploads\/2022\/11\/Maps_Lucia-200x145.jpg 200w, https:\/\/lucia-nuerburgring.de\/wp-content\/uploads\/2022\/11\/Maps_Lucia-400x290.jpg 400w, https:\/\/lucia-nuerburgring.de\/wp-content\/uploads\/2022\/11\/Maps_Lucia-600x435.jpg 600w, https:\/\/lucia-nuerburgring.de\/wp-content\/uploads\/2022\/11\/Maps_Lucia-800x581.jpg 800w, https:\/\/lucia-nuerburgring.de\/wp-content\/uploads\/2022\/11\/Maps_Lucia-1200x871.jpg 1200w, https:\/\/lucia-nuerburgring.de\/wp-content\/uploads\/2022\/11\/Maps_Lucia.jpg 2282w\" sizes=\"(max-width: 1024px) 100vw, (max-width: 640px) 100vw, 800px\" \/><\/span><\/div><\/div><\/div><div class=\"fusion-layout-column fusion_builder_column fusion-builder-column-1 fusion_builder_column_1_3 1_3 fusion-flex-column\" style=\"--awb-padding-top:10%;--awb-padding-right:12%;--awb-padding-bottom:10%;--awb-padding-left:12%;--awb-padding-top-medium:70px;--awb-padding-right-medium:70px;--awb-padding-bottom-medium:70px;--awb-padding-left-medium:70px;--awb-padding-top-small:40px;--awb-padding-right-small:40px;--awb-padding-bottom-small:40px;--awb-padding-left-small:40px;--awb-bg-color:#99bcab;--awb-bg-color-hover:#99bcab;--awb-bg-size:cover;--awb-width-large:33.333333333333%;--awb-margin-top-large:0px;--awb-spacing-right-large:0px;--awb-margin-bottom-large:0px;--awb-spacing-left-large:0px;--awb-width-medium:100%;--awb-spacing-right-medium:0px;--awb-spacing-left-medium:0px;--awb-width-small:100%;--awb-spacing-right-small:0px;--awb-spacing-left-small:0px;\"><div class=\"fusion-column-wrapper fusion-flex-justify-content-center fusion-content-layout-column\"><div class=\"fusion-text fusion-text-1\"><h2><span style=\"color: #ffffff;\">HIER FINDEN SIE UNS<\/span><\/h2>\n<\/div><div class=\"fusion-separator\" style=\"align-self: flex-start;margin-right:auto;margin-bottom:30px;width:100%;max-width:170px;\"><div class=\"fusion-separator-border sep-single sep-solid\" style=\"--awb-height:20px;--awb-amount:20px;--awb-sep-color:#ffffff;border-color:#ffffff;border-top-width:1px;\"><\/div><\/div><ul style=\"--awb-iconcolor:#99bcab;--awb-line-height:23.8px;--awb-icon-width:23.8px;--awb-icon-height:23.8px;--awb-icon-margin:9.8px;--awb-content-margin:33.6px;--awb-circlecolor:#2a7050;--awb-circle-yes-font-size:12.32px;\" class=\"fusion-checklist fusion-checklist-1 fusion-checklist-default type-icons\"><li class=\"fusion-li-item\" style=\"\"><span class=\"icon-wrapper circle-yes\"><i class=\"fusion-li-icon fa-map-pin fas\" aria-hidden=\"true\"><\/i><\/span><div class=\"fusion-li-item-content\">\n<p><span style=\"color: #ffffff;\">Eifel-Ardennen-Stra\u00dfe<\/span><br \/>\n<span style=\"color: #ffffff;\">53520 N\u00fcrburg<\/span><\/p>\n<\/div><\/li><li class=\"fusion-li-item\" style=\"\"><span class=\"icon-wrapper circle-yes\"><i class=\"fusion-li-icon fa-phone-alt fas\" aria-hidden=\"true\"><\/i><\/span><div class=\"fusion-li-item-content\">\n<p><span style=\"color: #ffffff;\">+49 2691 \/ 3025739<\/span><\/p>\n<\/div><\/li><li class=\"fusion-li-item\" style=\"\"><span class=\"icon-wrapper circle-yes\"><i class=\"fusion-li-icon fa-at fas\" aria-hidden=\"true\"><\/i><\/span><div class=\"fusion-li-item-content\">\n<p><a href=\"lucia@nuerburgringhotels.de\">lucia@nuerburgringhotels.de<\/a><\/p>\n<\/div><\/li><li class=\"fusion-li-item\" style=\"\"><span class=\"icon-wrapper circle-yes\"><i class=\"fusion-li-icon fa-parking fas\" aria-hidden=\"true\"><\/i><\/span><div class=\"fusion-li-item-content\">\n<p><span style=\"color: #ffffff;\">LUCIA-G\u00e4ste parken au\u00dferhalb von Rennveranstaltungen kostenfrei auf dem Parkplatz ringcarr\u00e9e \u2013 an Rennveranstaltungen ist das Parken ab 17:00 Uhr kostenfrei<\/span><\/p>\n<\/div><\/li><\/ul><div class=\"fusion-builder-row fusion-builder-row-inner fusion-row fusion-flex-align-items-flex-start fusion-flex-content-wrap\" style=\"width:calc( 100% + 0px ) !important;max-width:calc( 100% + 0px ) !important;margin-left: calc(-0px \/ 2 );margin-right: calc(-0px \/ 2 );\"><div class=\"fusion-layout-column fusion_builder_column_inner fusion-builder-nested-column-0 fusion_builder_column_inner_1_1 1_1 fusion-flex-column\" style=\"--awb-padding-top:15px;--awb-padding-right:15px;--awb-padding-left:15px;--awb-bg-color:#2a7050;--awb-bg-color-hover:#2a7050;--awb-bg-size:cover;--awb-width-large:100%;--awb-margin-top-large:20px;--awb-spacing-right-large:0px;--awb-margin-bottom-large:0px;--awb-spacing-left-large:0px;--awb-width-medium:100%;--awb-order-medium:0;--awb-spacing-right-medium:0px;--awb-spacing-left-medium:0px;--awb-width-small:100%;--awb-order-small:0;--awb-spacing-right-small:0px;--awb-spacing-left-small:0px;\"><div class=\"fusion-column-wrapper fusion-column-has-shadow fusion-flex-justify-content-flex-start fusion-content-layout-column\"><div class=\"fusion-text fusion-text-2\"><h3 style=\"text-align: center;\"><span style=\"color: #ffffff;\">\u2013 KOSTENFREIE PARKPL\u00c4TZE \u2013<\/span><\/h3>\n<\/div><\/div><\/div><\/div><\/div><\/div><\/div><\/div><div class=\"fusion-bg-parallax\" data-bg-align=\"center center\" data-direction=\"up\" data-mute=\"false\" data-opacity=\"100\" data-velocity=\"-0.2\" data-mobile-enabled=\"false\" data-break_parents=\"0\" data-bg-image=\"https:\/\/lucia-nuerburgring.de\/wp-content\/uploads\/2021\/02\/AdobeStock_285834635-Kopie-scaled.jpg\" data-bg-repeat=\"false\" data-blend-mode=\"overlay\" ><\/div><div class=\"fusion-fullwidth fullwidth-box fusion-builder-row-2 fusion-flex-container fusion-parallax-up hundred-percent-fullwidth non-hundred-percent-height-scrolling fusion-no-large-visibility\" style=\"--awb-background-blend-mode:overlay;--awb-border-sizes-top:0px;--awb-border-sizes-bottom:0px;--awb-border-sizes-left:0px;--awb-border-sizes-right:0px;--awb-border-radius-top-left:0px;--awb-border-radius-top-right:0px;--awb-border-radius-bottom-right:0px;--awb-border-radius-bottom-left:0px;--awb-padding-top:120px;--awb-padding-right:7%;--awb-padding-bottom:170px;--awb-padding-left:7%;--awb-padding-top-small:90px;--awb-padding-right-small:60px;--awb-padding-bottom-small:130px;--awb-padding-left-small:60px;--awb-background-image:url(&quot;https:\/\/lucia-nuerburgring.de\/wp-content\/uploads\/2021\/02\/AdobeStock_285834635-Kopie-scaled.jpg&quot;);--awb-background-size:cover;--awb-flex-wrap:wrap;\" ><div class=\"fusion-builder-row fusion-row fusion-flex-align-items-flex-start fusion-flex-content-wrap\" style=\"width:calc( 100% + 0px ) !important;max-width:calc( 100% + 0px ) !important;margin-left: calc(-0px \/ 2 );margin-right: calc(-0px \/ 2 );\"><div class=\"fusion-layout-column fusion_builder_column fusion-builder-column-2 fusion_builder_column_1_1 1_1 fusion-flex-column fusion-flex-align-self-flex-start fusion-column-no-min-height\" style=\"--awb-bg-blend:overlay;--awb-bg-size:cover;--awb-width-large:100%;--awb-margin-top-large:0px;--awb-spacing-right-large:0px;--awb-margin-bottom-large:0px;--awb-spacing-left-large:0px;--awb-width-medium:100%;--awb-spacing-right-medium:0px;--awb-spacing-left-medium:0px;--awb-width-small:100%;--awb-spacing-right-small:0px;--awb-spacing-left-small:0px;\"><div class=\"fusion-column-wrapper fusion-flex-justify-content-flex-start fusion-content-layout-column\"><div class=\"fusion-text fusion-text-3\"><h2 style=\"--fontsize: 24; line-height: 0.8; color: #ff9525;\" data-fontsize=\"24\" data-lineheight=\"31.92px\" data-fusion-font=\"true\"><span style=\"line-height: 1.2; letter-spacing: 1px;\" data-fusion-font=\"true\">JETZT SCHON DEN TISCH <\/span><br \/>\n<span style=\"line-height: 1.2; letter-spacing: 1px;\" data-fusion-font=\"true\">RESERVIEREN \u2013<\/span><\/h2>\n<h6><span style=\"color: #ffffff; line-height: 0.8; font-size: 18px;\" data-fusion-font=\"true\">schnell und unkompliziert<\/span><\/h6>\n<\/div><div class=\"fusion-separator fusion-full-width-sep\" style=\"align-self: center;margin-left: auto;margin-right: auto;margin-top:5px;margin-bottom:10px;width:100%;\"><\/div><div style=\"text-align:left;\"><a class=\"fusion-button button-flat button-xlarge button-custom fusion-button-default button-1 fusion-button-span-no fusion-button-default-type\" style=\"--button_accent_color:#ffffff;--button_accent_hover_color:#ff9525;--button_border_hover_color:#ff9525;--button_gradient_top_color:#ff9525;--button_gradient_bottom_color:#ff9525;--button_gradient_top_color_hover:rgba(255,255,255,0);--button_gradient_bottom_color_hover:rgba(255,255,255,0);--button_text_transform:uppercase;\" target=\"_self\" href=\"https:\/\/lucia-nuerburgring.de\/index.php\/reservierung\/\"><span class=\"fusion-button-text\">LOS GEHT\u2019S<\/span><\/a><\/div><\/div><\/div><\/div><\/div>\n<div class=\"fusion-bg-parallax\" data-bg-align=\"center center\" data-direction=\"up\" data-mute=\"false\" data-opacity=\"100\" data-velocity=\"-0.2\" data-mobile-enabled=\"false\" data-break_parents=\"0\" data-bg-image=\"https:\/\/lucia-nuerburgring.de\/wp-content\/uploads\/2021\/02\/AdobeStock_285834635-Kopie-scaled.jpg\" data-bg-repeat=\"false\" data-blend-mode=\"overlay\" ><\/div><div class=\"fusion-fullwidth fullwidth-box fusion-builder-row-3 fusion-flex-container fusion-parallax-up hundred-percent-fullwidth non-hundred-percent-height-scrolling fusion-no-small-visibility fusion-no-medium-visibility\" style=\"--awb-background-blend-mode:overlay;--awb-border-sizes-top:0px;--awb-border-sizes-bottom:0px;--awb-border-sizes-left:0px;--awb-border-sizes-right:0px;--awb-border-radius-top-left:0px;--awb-border-radius-top-right:0px;--awb-border-radius-bottom-right:0px;--awb-border-radius-bottom-left:0px;--awb-padding-top:120px;--awb-padding-right:7%;--awb-padding-bottom:170px;--awb-padding-left:7%;--awb-padding-right-small:40px;--awb-padding-left-small:40px;--awb-background-image:url(&quot;https:\/\/lucia-nuerburgring.de\/wp-content\/uploads\/2021\/02\/AdobeStock_285834635-Kopie-scaled.jpg&quot;);--awb-background-size:cover;--awb-flex-wrap:wrap;\" ><div class=\"fusion-builder-row fusion-row fusion-flex-align-items-flex-start fusion-flex-content-wrap\" style=\"width:calc( 100% + 0px ) !important;max-width:calc( 100% + 0px ) !important;margin-left: calc(-0px \/ 2 );margin-right: calc(-0px \/ 2 );\"><div class=\"fusion-layout-column fusion_builder_column fusion-builder-column-3 fusion_builder_column_1_1 1_1 fusion-flex-column fusion-flex-align-self-flex-start fusion-column-no-min-height\" style=\"--awb-bg-blend:overlay;--awb-bg-size:cover;--awb-width-large:100%;--awb-margin-top-large:0px;--awb-spacing-right-large:0px;--awb-margin-bottom-large:0px;--awb-spacing-left-large:0px;--awb-width-medium:100%;--awb-spacing-right-medium:0px;--awb-spacing-left-medium:0px;--awb-width-small:100%;--awb-spacing-right-small:0px;--awb-spacing-left-small:0px;\"><div class=\"fusion-column-wrapper fusion-flex-justify-content-flex-start fusion-content-layout-column\"><div class=\"fusion-text fusion-text-4\"><h2 style=\"--fontsize: 24; line-height: 0.8; color: #ff9525;\" data-fontsize=\"24\" data-lineheight=\"31.92px\" data-fusion-font=\"true\">JETZT SCHON DEN TISCH RESERVIEREN \u2013<\/h2>\n<h6><span style=\"color: #ffffff; line-height: 0.8; font-size: 18px;\" data-fusion-font=\"true\">schnell und unkompliziert<\/span><\/h6>\n<\/div><div class=\"fusion-separator fusion-full-width-sep\" style=\"align-self: center;margin-left: auto;margin-right: auto;margin-top:5px;margin-bottom:10px;width:100%;\"><\/div><div style=\"text-align:left;\"><a class=\"fusion-button button-flat button-xlarge button-custom fusion-button-default button-2 fusion-button-span-no fusion-button-default-type\" style=\"--button_accent_color:#ffffff;--button_accent_hover_color:#ff9525;--button_border_hover_color:#ff9525;--button_gradient_top_color:#ff9525;--button_gradient_bottom_color:#ff9525;--button_gradient_top_color_hover:rgba(255,255,255,0);--button_gradient_bottom_color_hover:rgba(255,255,255,0);--button_text_transform:uppercase;\" target=\"_self\" href=\"https:\/\/lucia-nuerburgring.de\/index.php\/reservierung\/\"><span class=\"fusion-button-text\">LOS GEHT\u2019S<\/span><\/a><\/div><\/div><\/div><\/div><\/div>\n<\/p>\n","protected":false},"excerpt":{"rendered":"","protected":false},"author":1,"featured_media":0,"parent":0,"menu_order":0,"comment_status":"closed","ping_status":"closed","template":"100-width.php","meta":{"footnotes":""},"class_list":["post-816","page","type-page","status-publish","hentry"],"yoast_head":"<!-- This site is optimized with the Yoast SEO plugin v24.9 - https:\/\/yoast.com\/wordpress\/plugins\/seo\/ -->\n<title>Kontakt &#8212; LUCIA N\u00fcrburgring<\/title>\n<meta name=\"robots\" content=\"index, follow, max-snippet:-1, max-image-preview:large, max-video-preview:-1\" \/>\n<link rel=\"canonical\" href=\"https:\/\/lucia-nuerburgring.de\/index.php\/kontakt\/\" \/>\n<meta property=\"og:locale\" content=\"de_DE\" \/>\n<meta property=\"og:type\" content=\"article\" \/>\n<meta property=\"og:title\" content=\"Kontakt &#8212; LUCIA N\u00fcrburgring\" \/>\n<meta property=\"og:url\" content=\"https:\/\/lucia-nuerburgring.de\/index.php\/kontakt\/\" \/>\n<meta property=\"og:site_name\" content=\"LUCIA N\u00fcrburgring\" \/>\n<meta property=\"article:publisher\" content=\"https:\/\/www.facebook.com\/LUCIA-N%c3%bcrburgring-357867601989349\" \/>\n<meta property=\"article:modified_time\" content=\"2026-03-20T09:33:31+00:00\" \/>\n<meta name=\"twitter:card\" content=\"summary_large_image\" \/>\n<meta name=\"twitter:label1\" content=\"Gesch\u00e4tzte Lesezeit\" \/>\n\t<meta name=\"twitter:data1\" content=\"4\u00a0Minuten\" \/>\n<script type=\"application\/ld+json\" class=\"yoast-schema-graph\">{\"@context\":\"https:\/\/schema.org\",\"@graph\":[{\"@type\":\"WebPage\",\"@id\":\"https:\/\/lucia-nuerburgring.de\/index.php\/kontakt\/\",\"url\":\"https:\/\/lucia-nuerburgring.de\/index.php\/kontakt\/\",\"name\":\"Kontakt &#8212; LUCIA N\u00fcrburgring\",\"isPartOf\":{\"@id\":\"https:\/\/lucia-nuerburgring.de\/#website\"},\"datePublished\":\"2016-04-06T19:43:59+00:00\",\"dateModified\":\"2026-03-20T09:33:31+00:00\",\"breadcrumb\":{\"@id\":\"https:\/\/lucia-nuerburgring.de\/index.php\/kontakt\/#breadcrumb\"},\"inLanguage\":\"de\",\"potentialAction\":[{\"@type\":\"ReadAction\",\"target\":[\"https:\/\/lucia-nuerburgring.de\/index.php\/kontakt\/\"]}]},{\"@type\":\"BreadcrumbList\",\"@id\":\"https:\/\/lucia-nuerburgring.de\/index.php\/kontakt\/#breadcrumb\",\"itemListElement\":[{\"@type\":\"ListItem\",\"position\":1,\"name\":\"Home\",\"item\":\"https:\/\/lucia-nuerburgring.de\/\"},{\"@type\":\"ListItem\",\"position\":2,\"name\":\"Kontakt\"}]},{\"@type\":\"WebSite\",\"@id\":\"https:\/\/lucia-nuerburgring.de\/#website\",\"url\":\"https:\/\/lucia-nuerburgring.de\/\",\"name\":\"LUCIA \u2013 il pollo italiano\",\"description\":\"\",\"publisher\":{\"@id\":\"https:\/\/lucia-nuerburgring.de\/#organization\"},\"potentialAction\":[{\"@type\":\"SearchAction\",\"target\":{\"@type\":\"EntryPoint\",\"urlTemplate\":\"https:\/\/lucia-nuerburgring.de\/?s={search_term_string}\"},\"query-input\":{\"@type\":\"PropertyValueSpecification\",\"valueRequired\":true,\"valueName\":\"search_term_string\"}}],\"inLanguage\":\"de\"},{\"@type\":\"Organization\",\"@id\":\"https:\/\/lucia-nuerburgring.de\/#organization\",\"name\":\"LUCIA \u2013 il pollo italiano\",\"url\":\"https:\/\/lucia-nuerburgring.de\/\",\"logo\":{\"@type\":\"ImageObject\",\"inLanguage\":\"de\",\"@id\":\"https:\/\/lucia-nuerburgring.de\/#\/schema\/logo\/image\/\",\"url\":\"https:\/\/lucia-nuerburgring.de\/wp-content\/uploads\/2021\/03\/LUCIA_Logo.png\",\"contentUrl\":\"https:\/\/lucia-nuerburgring.de\/wp-content\/uploads\/2021\/03\/LUCIA_Logo.png\",\"width\":642,\"height\":860,\"caption\":\"LUCIA \u2013 il pollo italiano\"},\"image\":{\"@id\":\"https:\/\/lucia-nuerburgring.de\/#\/schema\/logo\/image\/\"},\"sameAs\":[\"https:\/\/www.facebook.com\/LUCIA-N\u00fcrburgring-357867601989349\",\"https:\/\/www.instagram.com\/lucia_nuerburgring\/\"]}]}<\/script>\n<!-- \/ Yoast SEO plugin. -->","yoast_head_json":{"title":"Kontakt &#8212; LUCIA N\u00fcrburgring","robots":{"index":"index","follow":"follow","max-snippet":"max-snippet:-1","max-image-preview":"max-image-preview:large","max-video-preview":"max-video-preview:-1"},"canonical":"https:\/\/lucia-nuerburgring.de\/index.php\/kontakt\/","og_locale":"de_DE","og_type":"article","og_title":"Kontakt &#8212; LUCIA N\u00fcrburgring","og_url":"https:\/\/lucia-nuerburgring.de\/index.php\/kontakt\/","og_site_name":"LUCIA N\u00fcrburgring","article_publisher":"https:\/\/www.facebook.com\/LUCIA-N%c3%bcrburgring-357867601989349","article_modified_time":"2026-03-20T09:33:31+00:00","twitter_card":"summary_large_image","twitter_misc":{"Gesch\u00e4tzte Lesezeit":"4\u00a0Minuten"},"schema":{"@context":"https:\/\/schema.org","@graph":[{"@type":"WebPage","@id":"https:\/\/lucia-nuerburgring.de\/index.php\/kontakt\/","url":"https:\/\/lucia-nuerburgring.de\/index.php\/kontakt\/","name":"Kontakt &#8212; LUCIA N\u00fcrburgring","isPartOf":{"@id":"https:\/\/lucia-nuerburgring.de\/#website"},"datePublished":"2016-04-06T19:43:59+00:00","dateModified":"2026-03-20T09:33:31+00:00","breadcrumb":{"@id":"https:\/\/lucia-nuerburgring.de\/index.php\/kontakt\/#breadcrumb"},"inLanguage":"de","potentialAction":[{"@type":"ReadAction","target":["https:\/\/lucia-nuerburgring.de\/index.php\/kontakt\/"]}]},{"@type":"BreadcrumbList","@id":"https:\/\/lucia-nuerburgring.de\/index.php\/kontakt\/#breadcrumb","itemListElement":[{"@type":"ListItem","position":1,"name":"Home","item":"https:\/\/lucia-nuerburgring.de\/"},{"@type":"ListItem","position":2,"name":"Kontakt"}]},{"@type":"WebSite","@id":"https:\/\/lucia-nuerburgring.de\/#website","url":"https:\/\/lucia-nuerburgring.de\/","name":"LUCIA \u2013 il pollo italiano","description":"","publisher":{"@id":"https:\/\/lucia-nuerburgring.de\/#organization"},"potentialAction":[{"@type":"SearchAction","target":{"@type":"EntryPoint","urlTemplate":"https:\/\/lucia-nuerburgring.de\/?s={search_term_string}"},"query-input":{"@type":"PropertyValueSpecification","valueRequired":true,"valueName":"search_term_string"}}],"inLanguage":"de"},{"@type":"Organization","@id":"https:\/\/lucia-nuerburgring.de\/#organization","name":"LUCIA \u2013 il pollo italiano","url":"https:\/\/lucia-nuerburgring.de\/","logo":{"@type":"ImageObject","inLanguage":"de","@id":"https:\/\/lucia-nuerburgring.de\/#\/schema\/logo\/image\/","url":"https:\/\/lucia-nuerburgring.de\/wp-content\/uploads\/2021\/03\/LUCIA_Logo.png","contentUrl":"https:\/\/lucia-nuerburgring.de\/wp-content\/uploads\/2021\/03\/LUCIA_Logo.png","width":642,"height":860,"caption":"LUCIA \u2013 il pollo italiano"},"image":{"@id":"https:\/\/lucia-nuerburgring.de\/#\/schema\/logo\/image\/"},"sameAs":["https:\/\/www.facebook.com\/LUCIA-N\u00fcrburgring-357867601989349","https:\/\/www.instagram.com\/lucia_nuerburgring\/"]}]}},"_links":{"self":[{"href":"https:\/\/lucia-nuerburgring.de\/index.php\/wp-json\/wp\/v2\/pages\/816","targetHints":{"allow":["GET"]}}],"collection":[{"href":"https:\/\/lucia-nuerburgring.de\/index.php\/wp-json\/wp\/v2\/pages"}],"about":[{"href":"https:\/\/lucia-nuerburgring.de\/index.php\/wp-json\/wp\/v2\/types\/page"}],"author":[{"embeddable":true,"href":"https:\/\/lucia-nuerburgring.de\/index.php\/wp-json\/wp\/v2\/users\/1"}],"replies":[{"embeddable":true,"href":"https:\/\/lucia-nuerburgring.de\/index.php\/wp-json\/wp\/v2\/comments?post=816"}],"version-history":[{"count":49,"href":"https:\/\/lucia-nuerburgring.de\/index.php\/wp-json\/wp\/v2\/pages\/816\/revisions"}],"predecessor-version":[{"id":2330,"href":"https:\/\/lucia-nuerburgring.de\/index.php\/wp-json\/wp\/v2\/pages\/816\/revisions\/2330"}],"wp:attachment":[{"href":"https:\/\/lucia-nuerburgring.de\/index.php\/wp-json\/wp\/v2\/media?parent=816"}],"curies":[{"name":"wp","href":"https:\/\/api.w.org\/{rel}","templated":true}]}}